{"id":109,"date":"2018-10-23T21:50:29","date_gmt":"2018-10-23T19:50:29","guid":{"rendered":"https:\/\/vivace.willberg.bayern\/wordpress\/?page_id=109"},"modified":"2019-11-18T13:49:11","modified_gmt":"2019-11-18T12:49:11","slug":"foerdermitgliedschaft","status":"publish","type":"page","link":"https:\/\/vivace-schongau.de\/?page_id=109","title":{"rendered":"F\u00f6rdermitgliedschaft"},"content":{"rendered":"\n<p>\n\nWenn Sie unseren Chor gerne regelm\u00e4\u00dfig finanziell unterst\u00fctzen wollen, so sind Sie auf dieser Seite genau richtig!&nbsp;<\/p>\n\n\n\n<p>Als &nbsp;F\u00f6rdermitglied zahlen Sie an den Verein eine von Ihnen selbst festgelegte Geldsumme.<\/p>\n\n\n\n<p>In der mindestens einmal im Jahr stattfindenden Mitgliedsversammlung wird dann beschlossen, f\u00fcr welche Zwecke das Geld verwendet werden soll (z.B. technische Ausstattung f\u00fcr den Chor, Musikinstrumente, Noten, &#8230;). Als F\u00f6rdermitglied werden Sie zu dieser Versammlung herzlich eingeladen.<\/p>\n\n\n\n<p>Auf Wunsch stellen wir Ihnen gerne eine Spendenquittung aus, wozu wir als anerkannter gemeinn\u00fctziger Verein berechtigt sind.<\/p>\n\n\n\n<p><strong><a href=\"https:\/\/vivace-schongau.de\/?page_id=10\">\u00dcber Ihren Beitritt w\u00fcrden wir uns sehr freuen!<\/a><\/strong><\/p>\n\n\n\n<p><\/p>\n","protected":false},"excerpt":{"rendered":"<p>Wenn Sie unseren Chor gerne regelm\u00e4\u00dfig finanziell unterst\u00fctzen wollen, so sind Sie auf dieser Seite genau richtig!&nbsp; Als &nbsp;F\u00f6rdermitglied zahlen Sie an den Verein eine von Ihnen selbst festgelegte Geldsumme. In der mindestens einmal im Jahr stattfindenden Mitgliedsversammlung wird dann beschlossen, f\u00fcr welche Zwecke das Geld verwendet werden soll (z.B. technische Ausstattung f\u00fcr den Chor, &hellip; <\/p>\n<p class=\"link-more\"><a href=\"https:\/\/vivace-schongau.de\/?page_id=109\" class=\"more-link\"><span class=\"screen-reader-text\">\u201eF\u00f6rdermitgliedschaft\u201c<\/span> weiterlesen<\/a><\/p>\n","protected":false},"author":1,"featured_media":0,"parent":0,"menu_order":0,"comment_status":"closed","ping_status":"closed","template":"","meta":{"footnotes":""},"class_list":["post-109","page","type-page","status-publish","hentry"],"_links":{"self":[{"href":"https:\/\/vivace-schongau.de\/index.php?rest_route=\/wp\/v2\/pages\/109","targetHints":{"allow":["GET"]}}],"collection":[{"href":"https:\/\/vivace-schongau.de\/index.php?rest_route=\/wp\/v2\/pages"}],"about":[{"href":"https:\/\/vivace-schongau.de\/index.php?rest_route=\/wp\/v2\/types\/page"}],"author":[{"embeddable":true,"href":"https:\/\/vivace-schongau.de\/index.php?rest_route=\/wp\/v2\/users\/1"}],"replies":[{"embeddable":true,"href":"https:\/\/vivace-schongau.de\/index.php?rest_route=%2Fwp%2Fv2%2Fcomments&post=109"}],"version-history":[{"count":5,"href":"https:\/\/vivace-schongau.de\/index.php?rest_route=\/wp\/v2\/pages\/109\/revisions"}],"predecessor-version":[{"id":375,"href":"https:\/\/vivace-schongau.de\/index.php?rest_route=\/wp\/v2\/pages\/109\/revisions\/375"}],"wp:attachment":[{"href":"https:\/\/vivace-schongau.de\/index.php?rest_route=%2Fwp%2Fv2%2Fmedia&parent=109"}],"curies":[{"name":"wp","href":"https:\/\/api.w.org\/{rel}","templated":true}]}}