{"id":86,"date":"2018-10-23T21:25:50","date_gmt":"2018-10-23T19:25:50","guid":{"rendered":"https:\/\/vivace.willberg.bayern\/wordpress\/?page_id=86"},"modified":"2020-04-27T11:47:03","modified_gmt":"2020-04-27T09:47:03","slug":"ueber-den-verein","status":"publish","type":"page","link":"https:\/\/vivace-schongau.de\/?page_id=86","title":{"rendered":"\u00fcber den Verein"},"content":{"rendered":"\n<p>Am 22. M\u00e4rz 2012 gr\u00fcndeten 22 Mitglieder des Chores den gemeinn\u00fctzigen&nbsp; Verein&nbsp;<br>&#8222;Vivace &#8211; \u00d6kumenischer Chor Schongau e.V.&#8220;.&nbsp; <\/p>\n\n\n\n<p>Damit wurde es m\u00f6glich, Spendenquittungen auszustellen.<\/p>\n\n\n\n<p>Wir sind auf Spenden angewiesen, da wir sonst kaum Einnahmem\u00f6glichkeiten haben. Die Anschaffung eines hochwertigen E-Pianos war der konkrete Anlass f\u00fcr diesen Schritt.<\/p>\n\n\n\n<p>&#8222;Zweck des Vereins ist F\u00f6rderung von Kunst und Kultur, insbesondere die Pflege der Musik.&#8220; (N\u00e4heres siehe Unterpunkt\u00a0<a href=\"\/?page_id=102\">Satzung<\/a>)\u00a0<\/p>\n\n\n\n<p>Die Mitglieder des Vereins treffen sich ca. 1-2 mal im Jahr um Projekte und Planungen abzustimmen.<\/p>\n\n\n\n<p>Falls auch Sie uns finanziell unterst\u00fctzen m\u00f6chten, freuen wir uns \u00fcber eine \u00a0<a href=\"http:\/\/www.vivace-schongau.de\/index.php?cat=Der%20Verein&amp;page=F%C3%B6rdermitgliedschaft\">F<\/a><a href=\"\/?page_id=109\">\u00f6rdermitgliedschaft<\/a>\u00a0oder aber auch \u00fcber\u00a0<a href=\"\/?page_id=112\">Ihre Spende<\/a>.<\/p>\n","protected":false},"excerpt":{"rendered":"<p>Am 22. M\u00e4rz 2012 gr\u00fcndeten 22 Mitglieder des Chores den gemeinn\u00fctzigen&nbsp; Verein&nbsp;&#8222;Vivace &#8211; \u00d6kumenischer Chor Schongau e.V.&#8220;.&nbsp; Damit wurde es m\u00f6glich, Spendenquittungen auszustellen. Wir sind auf Spenden angewiesen, da wir sonst kaum Einnahmem\u00f6glichkeiten haben. Die Anschaffung eines hochwertigen E-Pianos war der konkrete Anlass f\u00fcr diesen Schritt. &#8222;Zweck des Vereins ist F\u00f6rderung von Kunst und Kultur, &hellip; <\/p>\n<p class=\"link-more\"><a href=\"https:\/\/vivace-schongau.de\/?page_id=86\" class=\"more-link\"><span class=\"screen-reader-text\">\u201e\u00fcber den Verein\u201c<\/span> weiterlesen<\/a><\/p>\n","protected":false},"author":1,"featured_media":0,"parent":0,"menu_order":0,"comment_status":"closed","ping_status":"closed","template":"","meta":{"footnotes":""},"class_list":["post-86","page","type-page","status-publish","hentry"],"_links":{"self":[{"href":"https:\/\/vivace-schongau.de\/index.php?rest_route=\/wp\/v2\/pages\/86","targetHints":{"allow":["GET"]}}],"collection":[{"href":"https:\/\/vivace-schongau.de\/index.php?rest_route=\/wp\/v2\/pages"}],"about":[{"href":"https:\/\/vivace-schongau.de\/index.php?rest_route=\/wp\/v2\/types\/page"}],"author":[{"embeddable":true,"href":"https:\/\/vivace-schongau.de\/index.php?rest_route=\/wp\/v2\/users\/1"}],"replies":[{"embeddable":true,"href":"https:\/\/vivace-schongau.de\/index.php?rest_route=%2Fwp%2Fv2%2Fcomments&post=86"}],"version-history":[{"count":9,"href":"https:\/\/vivace-schongau.de\/index.php?rest_route=\/wp\/v2\/pages\/86\/revisions"}],"predecessor-version":[{"id":397,"href":"https:\/\/vivace-schongau.de\/index.php?rest_route=\/wp\/v2\/pages\/86\/revisions\/397"}],"wp:attachment":[{"href":"https:\/\/vivace-schongau.de\/index.php?rest_route=%2Fwp%2Fv2%2Fmedia&parent=86"}],"curies":[{"name":"wp","href":"https:\/\/api.w.org\/{rel}","templated":true}]}}